 66?
11
What is the remainder when 6496 is divided by 9?
7
What is the remainder when 1816 is divided by 439?
60
Calculate the remainder when 26 is divided by 14.
12
What is the remainder when 303 is divided by 19?
18
What is the remainder when 1376 is divided by 30?
26
Calculate the remainder when 5373 is divided by 224.
221
Calculate the remainder when 18995 is divided by 95.
90
What is the remainder when 179 is divided by 17?
9
Calculate the remainder when 3945 is divided by 28.
25
What is the remainder when 548 is divided by 29?
26
Calculate the remainder when 9894 is divided by 90.
84
Calculate the remainder when 107 is divided by 37.
33
What is the remainder when 121 is divided by 46?
29
Calculate the remainder when 302 is divided by 168.
134
Calculate the remainder when 897 is divided by 15.
12
Calculate the remainder when 199 is divided by 29.
25
Calculate the remainder when 14 is divided by 8.
6
What is the remainder when 613 is divided by 56?
53
Calculate the remainder when 265 is divided by 241.
24
Calculate the remainder when 270 is divided by 21.
18
What is the remainder when 1086 is divided by 64?
62
Calculate the remainder when 1193 is divided by 26.
23
Calculate the remainder when 70 is divided by 18.
16
Calculate the remainder when 1146 is divided by 5.
1
Calculate the remainder when 145 is divided by 38.
31
What is the remainder when 272 is divided by 40?
32
Calculate the remainder when 191 is divided by 16.
15
Calculate the remainder when 1222 is divided by 256.
198
What is the remainder when 8842 is divided by 67?
65
What is the remainder when 867 is divided by 38?
31
Calculate the remainder when 106 is divided by 86.
20
Calculate the remainder when 272 is divided by 226.
46
Calculate the remainder when 638 is divided by 95.
68
Calculate the remainder when 571 is divided by 86.
55
What is the remainder when 73 is divided by 7?
3
What is the remainder when 954 is divided by 312?
18
What is the remainder when 157 is divided by 10?
7
What is the remainder when 6576 is divided by 11?
9
What is the remainder when 384 is divided by 94?
8
Calculate the remainder when 1215 is divided by 601.
13
Calculate the remainder when 6106 is divided by 1013.
28
Calculate the remainder when 896 is divided by 21.
14
Calculate the remainder when 636 is divided by 28.
20
What is the remainder when 5662 is divided by 103?
100
Calculate the remainder when 50 is divided by 17.
16
Calculate the remainder when 351 is divided by 85.
11
What is the remainder when 224 is divided by 95?
34
What is the remainder when 681 is divided by 171?
168
Calculate the remainder when 57 is divided by 43.
14
What is the remainder when 52969 is divided by 19?
16
What is the remainder when 658 is divided by 131?
3
What is the remainder when 875 is divided by 287?
14
Calculate the remainder when 400 is divided by 81.
76
Calculate the remainder when 415 is divided by 11.
8
Calculate the remainder when 50 is divided by 38.
12
Calculate the remainder when 1735 is divided by 7.
6
Calculate the remainder when 1160 is divided by 2.
0
What is the remainder when 3162 is divided by 70?
12
What is the remainder when 250 is divided by 36?
34
Calculate the remainder when 15690 is divided by 56.
10
Calculate the remainder when 384 is divided by 186.
12
What is the remainder when 244 is divided by 50?
44
Calculate the remainder when 3567 is divided by 276.
255
What is the remainder when 847 is divided by 283?
281
What is the remainder when 485 is divided by 19?
10
Calculate the remainder when 613 is divided by 41.
39
Calculate the remainder when 1306 is divided by 150.
106
Calculate the remainder when 15286 is divided by 273.
271
What is the remainder when 991 is divided by 122?
15
What is the remainder when 15261 is divided by 9?
6
Calculate the remainder when 304 is divided by 31.
25
Calculate the remainder when 195 is divided by 34.
25
Calculate the remainder when 160 is divided by 66.
28
What is the remainder when 4267 is divided by 14?
11
Calculate the remainder when 86 is divided by 19.
10
Calculate the remainder when 2097 is divided by 96.
81
What is the remainder when 951 is divided by 159?
156
Calculate the remainder when 8342 is divided by 9.
8
What is the remainder when 269 is divided by 196?
73
What is the remainder when 628 is divided by 14?
12
Calculate the remainder when 2180 is divided by 44.
24
Calculate the remainder when 479 is divided by 166.
147
What is the remainder when 355 is divided by 24?
19
What is the remainder when 159 is divided by 40?
39
Calculate the remainder when 195 is divided by 14.
13
Calculate the remainder when 240 is divided by 22.
20
Calculate the remainder when 1620 is divided by 51.
39
Calculate the remainder when 587 is divided by 76.
55
Calculate the remainder when 3996 is divided by 43.
40
What is the remainder when 532 is divided by 41?
40
Calculate the remainder when 1042 is divided by 39.
28
What is the remainder when 6139 is divided by 279?
1
Calculate the remainder when 1194 is divided by 23.
21
Calculate the remainder when 5330 is divided by 43.
41
What is the remainder when 176 is divided by 13?
7
Calculate the remainder when 297 is divided by 5.
2
Calculate the remainder when 44 is divided by 24.
20
What is the remainder when 2352 is divided by 38?
34
What is the remainder when 56 is divided by 17?
5
Calculate the remainder when 69 is divided by 9.
6
What is the remainder when 160 is divided by 41?
37
Calculate the remainder when 288 is divided by 21.
15
What is the remainder when 111 is divided by 17?
9
Calculate the remainder when 513 is divided by 36.
9
What is the remainder when 80 is divided by 29?
22
Calculate the remainder when 119 is divided by 26.
15
What is the remainder when 129 is divided by 27?
21
What is the remainder when 124 is divided by 45?
34
What is the remainder when 202 is divided by 29?
28
Calculate the remainder when 80 is divided by 33.
14
What is the remainder when 18 is divided by 3?
0
Calculate the remainder when 418 is divided by 10.
8
What is the remainder when 394 is divided by 121?
31
What is the remainder when 545 is divided by 218?
109
What is the remainder when 1226 is divided by 23?
7
What is the remainder when 1245 is divided by 366?
147
Calculate the remainder when 1548 is divided by 1544.
4
Calculate the remainder when 296 is divided by 33.
32
Calculate the remainder when 2445 is divided by 68.
65
Calculate the remainder when 701 is divided by 6.
5
Calculate the remainder when 242 is divided by 65.
47
Calculate the remainder when 588 is divided by 37.
33
Calculate the remainder when 1507 is divided by 116.
115
Calculate the remainder when 11131 is divided by 2780.
11
What is the remainder when 262 is divided by 16?
6
What is the remainder when 4343 is divided by 56?
31
Calculate the remainder when 40 is divided by 6.
4
Calculate the remainder when 2339 is divided by 234.
233
Calculate the remainder when 121 is divided by 25.
21
Calculate the remainder when 12962 is divided by 33.
26
What is the remainder when 293 is divided by 32?
5
What is the remainder when 190 is divided by 63?
1
What is the remainder when 232 is divided by 57?
4
What is the remainder when 388 is divided by 39?
37
Calculate the remainder when 490 is divided by 129.
103
Calculate the remainder when 536 is divided by 60.
56
What is the remainder when 249 is divided by 12?
9
Calculate the remainder when 239 is divided by 97.
45
What is the remainder when 367 is divided by 166?
35
Calculate the remainder when 2139 is divided by 34.
31
What is the remainder when 204 is divided by 15?
9
Calculate the remainder when 195 is divided by 101.
94
Calculate the remainder when 572 is divided by 23.
20
What is the remainder when 8156 is divided by 157?
149
What is the remainder when 381 is divided by 110?
51
What is the remainder when 557 is divided by 187?
183
Calculate the remainder when 7124 is divided by 155.
149
What is the remainder when 292 is divided by 140?
12
Calculate the remainder when 1433 is divided by 241.
228
Calculate the remainder when 378 is divided by 208.
170
What is the remainder when 71 is divided by 4?
3
What is the remainder when 834 is divided by 27?
24
What is the remainder when 2329 is divided by 63?
61
Wha